of 72651 and j.
183
Suppose 2*t = 2*v + 46, 18*v - 103 = -5*t + 19*v. Calculate the highest common divisor of 290 and t.
10
Let w(u) = 3*u + 21. Let p be 185/17 + 18/153. Let v(m) = m**2 - 13*m + 27. Let a be v(p). Let r be w(a). What is the highest common divisor of r and 12?
12
Let q(b) = -2*b**2 + 200*b + 3484. Let s be q(114). What is the highest common divisor of 268 and s?
4
Let x(i) = -79*i**2 - 398*i + 6. Let u be x(-5). Let c = -32 - -67. What is the greatest common divisor of u and c?
7
Suppose -108*d = -565491 - 817747 - 18170. Calculate the highest common divisor of 16 and d.
16
Let m be (-468 + 12)/(7/(-56)). Calculate the highest common divisor of m and 12.
12
Suppose -7*d + 5*d + 10 = 3*w, d + 5*w - 12 = 0. Suppose -c - d*c + 2*v + 124 = 0, -5*c + 4*v = -208. Calculate the greatest common factor of c and 200.
40
Let u be (5 - (-62)/(-10))/((-9)/30). Suppose -5*c = -4*h - 5066, -2*c + u*h + 3046 = c. Calculate the greatest common factor of c and 10.
10
Suppose 57*g = 62*g - 15. Suppose 4*u - 4*f - 320 = 0, 0 = -g*u - 3*f + 8*f + 232. Calculate the highest common divisor of 308 and u.
28
Suppose -174*y = 46*y - 79511 - 15529. Suppose -4*z + 0*z = -384. Calculate the greatest common factor of z and y.
48
Let r(o) = 16*o + 243. Let a be r(-15). Suppose n = -a*j + 50, -2*j + 50 = 8*n - 4*n. What is the highest common factor of 930 and j?
15
Suppose -3*r + 105 = 2*r. Suppose 3*h - 3566 = -0*h + 5*y, 0 = h - 2*y - 1187. Let f be 5 - h/(-15) - (-4)/(-5). What is the highest common factor of r and f?
21
Let x be -7 - (484 + 7)/(-1). Suppose 0 = 6*n - 2002 + x. Calculate the greatest common divisor of n and 44.
11
Let k(j) = 2*j**3 - 5*j**2 + 7. Let o be k(5). Let a(r) = -r**3 - 52*r**2 - 286*r - 12. Let i be a(-6). What is the greatest common factor of o and i?
12
Let b(c) = 9*c**2 - 104*c - 306. Let d be b(-3). What is the highest common factor of 48 and d?
3
Let u be 6 - (-7)/(35/(-20)). Suppose 3*o + 0*o = -4*n + 1, 2*n - 2 = -u*o. What is the greatest common divisor of o and 16?
1
Let y(b) = 4*b + 48. Let h be y(-12). Suppose 3*v - 4*d + h*d = 18, 0 = 2*d + 6. What is the highest common factor of v and 88?
2
Suppose 2568 = -19*k + 7812. What is the highest common factor of 874 and k?
46
Suppose -r - 11*r = 68*r - 104400. What is the greatest common divisor of 180 and r?
45
Let y = 237 + -247. Let m be (48/y)/((-588)/70 + 8). What is the greatest common divisor of m and 516?
12
Let i(p) = -59*p + 103. Let q(d) = 21*d - 34. Let m(v) = -6*i(v) - 17*q(v). Let x be m(-24). Calculate the greatest common factor of 64 and x.
32
Let c = 136 - 114. Suppose -c*s + 831 = -49. What is the highest common factor of s and 60?
20
Suppose 4*k - 36 = o, 0 = -5*k + o - 3*o + 32. Suppose 0 = -k*f - 12 - 268. Let m = -32 - f. Calculate the greatest common factor of m and 2.
1
Let c be -68 - -88 - (1 + -8). Suppose -b + 11 + 43 = 0. Calculate the greatest common factor of c and b.
27
Let l = 538 + -508. Suppose -j + l = -31. Calculate the greatest common factor of 305 and j.
61
Let k be (-8)/28 - (473/(-14) - (-707)/(-202)). Let b(a) = 2*a**2 + 4*a - 13. Let c be b(-11). Calculate the highest common divisor of k and c.
37
Let b(s) = s**3 + 22*s**2 + 16*s - 92. Suppose -2*i - 23 = c, 4*i + 0*i = 4*c + 80. Let f be b(c). Calculate the greatest common divisor of f and 91.
13
Let t(v) = 28*v**2. Let p be t(3). Let w be 3015/108 + (-2 - 100/(-48)). Calculate the highest common factor of p and w.
28
Let v be (-4)/(-6) + (-43262)/(-1338). What is the highest common divisor of v and 18777?
33
Suppose f + y = 1, -f + 0*f + 4*y + 6 = 0. Let n be -6 + 1 + f + 46. Let x be (n + -1)*15/10. Calculate the highest common factor of 9 and x.
9
Suppose 116 = 2*h + 18. Let s = h - 47. Calculate the highest common factor of s and 6.
2
Suppose 4*i + 36 = 4*k, -3*i - 53 + 58 = -k. Calculate the greatest common divisor of k and 21584.
16
Let p be 0/(-3 - -4) - -2. Suppose 148 = w - 3*a + 51, -a = -2*w + 189. Calculate the greatest common factor of p and w.
2
Let y be (-4)/(-60)*-6 + (-822)/(-30). Let c = 40 + -22. Suppose 2*j + n = -0*n + c, 0 = j - 3*n - 9. What is the greatest common factor of y and j?
9
Let l = -12713 - -13933. Calculate the greatest common factor of 50 and l.
10
Let r = -253 + 473. Suppose 4*j - r = -3*f + 3*j, 5*j - 308 = -4*f. Let i = -139 - -147. What is the highest common factor of f and i?
8
Let v = -3380 + 5830. What is the greatest common divisor of 70 and v?
70
Let b(z) = 2*z**3 + 209*z + 775. Let r be b(0). Let q(k) = 32*k**3 - k**2 - k + 1. Let l be q(1). What is the greatest common factor of r and l?
31
Let u be (-10)/(-4)*(-72)/100*(-150)/45. What is the greatest common factor of 141 and u?
3
Suppose 0*s - 4*s + 276 = 0. Let y(i) = 6*i**2 + 92*i + 341. Let v be y(-19). Calculate the greatest common divisor of v and s.
69
Let h = 52 + -50. Let r be 106/h - (7 - (-60)/(-6)). What is the highest common divisor of 84 and r?
28
Let g = 60 + -9. Let y be (6/(-1))/(-7 + 5). What is the greatest common divisor of g and y?
3
Let i be ((-7822560)/224 - 2/(-14))/(-2). Calculate the highest common factor of 95 and i.
19
Let m(u) = -u**2 - 10*u - 5. Let j be m(-14). Let v = j + 63. Suppose -s - v*s + 193 = 2*z, -457 = -5*z + s. Calculate the highest common factor of 4 and z.
4
Suppose 0*y = 4*p - 4*y - 56, -5*p - 5*y = -40. Suppose 7*a + 2684 = p*a. What is the highest common factor of 61 and a?
61
Let l be ((-957)/(-6)*1 + 3)/((-295)/(-6490)). What is the greatest common divisor of l and 1287?
143
Suppose -j + 1 = 0, -3*q = -1509*j + 1507*j - 178. What is the highest common factor of 940 and q?
20
Suppose d - 26 = -21. Suppose 6*b = -3*i + 11*b + 24, 4*i - d*b - 27 = 0. What is the greatest common divisor of i and 2?
1
Let r = -1043 - -1186. Let s(g) = -g**2 - 14. Let u be s(0). Let v be -1 + u/(1 - 2). What is the greatest common divisor of v and r?
13
Let s be (-8 + 5 - -13) + 2. Suppose 0 = 4*i - 2*n - s, -3*i + 4*n - 4 = -8. Suppose -i*a + 7*a - 6 = 0. What is the greatest common factor of a and 8?
2
Suppose -6*w + 7*w - 250 = 0. Suppose -50*l + 9300 = 17*l - 5*l. Calculate the greatest common divisor of l and w.
50
Let t(k) = 10*k**2 - 38*k + 14. Let v be t(-6). Calculate the highest common factor of 344 and v.
86
Suppose 26*r - 30*r = -40. Let c be 36 - (7/(-35) + (-28)/r). Calculate the highest common factor of c and 91.
13
Let i be (-13400)/(-104) + -1 + 2/13. Suppose 3*c - 93 = -3*g, 0 = -2*c - 2*c - 5*g + i. What is the greatest common divisor of 45 and c?
9
Suppose 5*k = 7*d + 1728, 1371 = 5*k + 3*d - 317. What is the highest common divisor of k and 1156?
68
Suppose 0*c - 182 - 234 = -32*c. Suppose 2*a = k + a - 313, 625 = 2*k - a. Calculate the greatest common divisor of k and c.
13
Let x be (-984)/(-5)*(-120)/(-48). Suppose -3*z = 3*l - 1416 + x, z = 0. Calculate the highest common divisor of 44 and l.
44
Let o = -58 - -63. Let u be o/(-20) - (-123)/12. Suppose -41*z = -43*z + u. Calculate the highest common factor of z and 5.
5
Suppose 6 = -3*s + 4*s, 3*m - 6981 = -2*s. What is the greatest common factor of 23 and m?
23
Let s(o) = 4*o**3 + 11*o**2 + 12*o - 65. Let l be s(5). What is the highest common divisor of l and 110?
110
Let j(m) = 2*m**2 + 12*m + 22. Let q be j(-5). Let x be (q/14)/(2/70). Calculate the greatest common divisor of x and 6.
6
Let q = 124 + -114. Suppose -2*u - 80 = -q*u. Suppose 62 = u*l - 338. What is the greatest common factor of l and 60?
20
Suppose 2*k + 17 = v - 1, -5*v + 90 = 4*k. Suppose v*n - 4598 = -818. What is the highest common divisor of 42 and n?
42
Let z(u) = -22*u + 87. Let l be z(10). Let k = l - -257. Calculate the highest common factor of 62 and k.
62
Suppose 3*i + 897 = 951. What is the greatest common divisor of i and 14?
2
Let u(b) = b + 51. Suppose 0 = -12*g + 5*g - 175. Let h be u(g). Calculate the greatest common factor of 754 and h.
26
Let r(w) = -434*w + 5670. Let v be r(12). Calculate the greatest common divisor of 3498 and v.
66
Let z = 495 - 442. Suppose -5 + 125 = -3*p. Let h = p + z. Calculate the highest common divisor of h and 104.
13
Let l = 227 + -214. Suppose 2160 = 11*i + l*i. Calculate the greatest common divisor of 70 and i.
10
Suppose 0 = 4*f - 10*f + 114. Suppose f*d - 478 = 15